{"id":10677,"date":"2025-02-11T08:34:37","date_gmt":"2025-02-11T11:34:37","guid":{"rendered":"https:\/\/www.obispadorqta.org.ar\/v3\/?page_id=10677"},"modified":"2025-12-22T12:02:58","modified_gmt":"2025-12-22T15:02:58","slug":"jubileo-2025-peregrinos-de-esperanza","status":"publish","type":"page","link":"https:\/\/www.obispadorqta.org.ar\/v3\/jubileo-2025-peregrinos-de-esperanza\/","title":{"rendered":"Jubileo 2025 \u00abPeregrinos de Esperanza\u00bb"},"content":{"rendered":"\n<figure class=\"wp-block-embed is-type-wp-embed is-provider-obispado-reconquista wp-block-embed-obispado-reconquista\"><div class=\"wp-block-embed__wrapper\">\n<blockquote class=\"wp-embedded-content\" data-secret=\"rTIdloy1fW\"><a href=\"https:\/\/www.obispadorqta.org.ar\/v3\/cierre-ano-jubilar\/\">Cierre A\u00f1o Jubilar<\/a><\/blockquote><iframe loading=\"lazy\" class=\"wp-embedded-content\" sandbox=\"allow-scripts\" security=\"restricted\" style=\"position: absolute; visibility: hidden;\" title=\"\u00abCierre A\u00f1o Jubilar\u00bb \u2014 Obispado Reconquista\" src=\"https:\/\/www.obispadorqta.org.ar\/v3\/cierre-ano-jubilar\/embed\/#?secret=6y9tl0kMx4#?secret=rTIdloy1fW\" data-secret=\"rTIdloy1fW\" width=\"500\" height=\"282\" frameborder=\"0\" marginwidth=\"0\" marginheight=\"0\" scrolling=\"no\"><\/iframe>\n<\/div><\/figure>\n\n\n\n<figure class=\"wp-block-embed is-type-wp-embed is-provider-obispado-reconquista wp-block-embed-obispado-reconquista\"><div class=\"wp-block-embed__wrapper\">\n<blockquote class=\"wp-embedded-content\" data-secret=\"uh6tB1eSCT\"><a href=\"https:\/\/www.obispadorqta.org.ar\/v3\/peregrinacion-jubilar-diocesana-y-expo-carisma\/\">PEREGRINACI\u00d3N JUBILAR DIOCESANA Y EXPO-CARISMA<\/a><\/blockquote><iframe loading=\"lazy\" class=\"wp-embedded-content\" sandbox=\"allow-scripts\" security=\"restricted\" style=\"position: absolute; visibility: hidden;\" title=\"\u00abPEREGRINACI\u00d3N JUBILAR DIOCESANA Y EXPO-CARISMA\u00bb \u2014 Obispado Reconquista\" src=\"https:\/\/www.obispadorqta.org.ar\/v3\/peregrinacion-jubilar-diocesana-y-expo-carisma\/embed\/#?secret=lsZunMAWHD#?secret=uh6tB1eSCT\" data-secret=\"uh6tB1eSCT\" width=\"500\" height=\"282\" frameborder=\"0\" marginwidth=\"0\" marginheight=\"0\" scrolling=\"no\"><\/iframe>\n<\/div><\/figure>\n\n\n\n<figure class=\"wp-block-embed is-type-wp-embed is-provider-obispado-reconquista wp-block-embed-obispado-reconquista\"><div class=\"wp-block-embed__wrapper\">\n<blockquote class=\"wp-embedded-content\" data-secret=\"Ewdr9ib81d\"><a href=\"https:\/\/www.obispadorqta.org.ar\/v3\/caravana-de-la-esperanza\/\">Caravana de la Esperanza<\/a><\/blockquote><iframe loading=\"lazy\" class=\"wp-embedded-content\" sandbox=\"allow-scripts\" security=\"restricted\" style=\"position: absolute; visibility: hidden;\" title=\"\u00abCaravana de la Esperanza\u00bb \u2014 Obispado Reconquista\" src=\"https:\/\/www.obispadorqta.org.ar\/v3\/caravana-de-la-esperanza\/embed\/#?secret=jbvo1K1OLg#?secret=Ewdr9ib81d\" data-secret=\"Ewdr9ib81d\" width=\"500\" height=\"282\" frameborder=\"0\" marginwidth=\"0\" marginheight=\"0\" scrolling=\"no\"><\/iframe>\n<\/div><\/figure>\n\n\n\n<figure class=\"wp-block-embed is-type-wp-embed is-provider-obispado-reconquista wp-block-embed-obispado-reconquista\"><div class=\"wp-block-embed__wrapper\">\n<blockquote class=\"wp-embedded-content\" data-secret=\"OIhHk6Bh8f\"><a href=\"https:\/\/www.obispadorqta.org.ar\/v3\/triptico-dilexit-nos\/\">Tr\u00edptico Dilexit Nos<\/a><\/blockquote><iframe loading=\"lazy\" class=\"wp-embedded-content\" sandbox=\"allow-scripts\" security=\"restricted\" style=\"position: absolute; visibility: hidden;\" title=\"\u00abTr\u00edptico Dilexit Nos\u00bb \u2014 Obispado Reconquista\" src=\"https:\/\/www.obispadorqta.org.ar\/v3\/triptico-dilexit-nos\/embed\/#?secret=aMWW3Ts76S#?secret=OIhHk6Bh8f\" data-secret=\"OIhHk6Bh8f\" width=\"500\" height=\"282\" frameborder=\"0\" marginwidth=\"0\" marginheight=\"0\" scrolling=\"no\"><\/iframe>\n<\/div><\/figure>\n\n\n\n<figure class=\"wp-block-embed is-type-wp-embed is-provider-obispado-reconquista wp-block-embed-obispado-reconquista\"><div class=\"wp-block-embed__wrapper\">\n<blockquote class=\"wp-embedded-content\" data-secret=\"iq1m4ow9YA\"><a href=\"https:\/\/www.obispadorqta.org.ar\/v3\/designacion-de-los-lugares-de-peregrinacion-del-ano-santo-jubilar\/\">Designaci\u00f3n de los lugares de Peregrinaci\u00f3n del A\u00f1o Santo Jubilar<\/a><\/blockquote><iframe loading=\"lazy\" class=\"wp-embedded-content\" sandbox=\"allow-scripts\" security=\"restricted\" style=\"position: absolute; visibility: hidden;\" title=\"\u00abDesignaci\u00f3n de los lugares de Peregrinaci\u00f3n del A\u00f1o Santo Jubilar\u00bb \u2014 Obispado Reconquista\" src=\"https:\/\/www.obispadorqta.org.ar\/v3\/designacion-de-los-lugares-de-peregrinacion-del-ano-santo-jubilar\/embed\/#?secret=puiGw5i5qJ#?secret=iq1m4ow9YA\" data-secret=\"iq1m4ow9YA\" width=\"500\" height=\"282\" frameborder=\"0\" marginwidth=\"0\" marginheight=\"0\" scrolling=\"no\"><\/iframe>\n<\/div><\/figure>\n","protected":false},"excerpt":{"rendered":"<div class=\"mh-excerpt\"><\/div>","protected":false},"author":5,"featured_media":0,"parent":0,"menu_order":0,"comment_status":"closed","ping_status":"closed","template":"","meta":{"footnotes":""},"class_list":["post-10677","page","type-page","status-publish","hentry"],"_links":{"self":[{"href":"https:\/\/www.obispadorqta.org.ar\/v3\/wp-json\/wp\/v2\/pages\/10677","targetHints":{"allow":["GET"]}}],"collection":[{"href":"https:\/\/www.obispadorqta.org.ar\/v3\/wp-json\/wp\/v2\/pages"}],"about":[{"href":"https:\/\/www.obispadorqta.org.ar\/v3\/wp-json\/wp\/v2\/types\/page"}],"author":[{"embeddable":true,"href":"https:\/\/www.obispadorqta.org.ar\/v3\/wp-json\/wp\/v2\/users\/5"}],"replies":[{"embeddable":true,"href":"https:\/\/www.obispadorqta.org.ar\/v3\/wp-json\/wp\/v2\/comments?post=10677"}],"version-history":[{"count":7,"href":"https:\/\/www.obispadorqta.org.ar\/v3\/wp-json\/wp\/v2\/pages\/10677\/revisions"}],"predecessor-version":[{"id":11739,"href":"https:\/\/www.obispadorqta.org.ar\/v3\/wp-json\/wp\/v2\/pages\/10677\/revisions\/11739"}],"wp:attachment":[{"href":"https:\/\/www.obispadorqta.org.ar\/v3\/wp-json\/wp\/v2\/media?parent=10677"}],"curies":[{"name":"wp","href":"https:\/\/api.w.org\/{rel}","templated":true}]}}