{"id":8447,"date":"2023-01-05T11:33:13","date_gmt":"2023-01-05T14:33:13","guid":{"rendered":"http:\/\/www.obispadorqta.org.ar\/v3\/?page_id=8447"},"modified":"2023-08-31T09:08:17","modified_gmt":"2023-08-31T12:08:17","slug":"curia-diocesana","status":"publish","type":"page","link":"https:\/\/www.obispadorqta.org.ar\/v3\/curia-diocesana\/","title":{"rendered":"Curia Diocesana"},"content":{"rendered":"<p style=\"font-style: inherit; font-weight: inherit;\"><b><strong style=\"font-style: inherit;\">OBISPO DIOCESANO<\/strong><\/b><\/p>\n<p style=\"font-style: inherit; font-weight: inherit;\">Mons. Dr. \u00c1ngel Jos\u00e9 Mac\u00edn<\/p>\n<p style=\"font-style: inherit; font-weight: inherit;\"><b><strong style=\"font-style: inherit;\">Vicario General<\/strong><\/b><\/p>\n<p style=\"font-style: inherit; font-weight: inherit;\">Mons. Silvio Orlando Fabbro<\/p>\n<p style=\"font-style: inherit; font-weight: inherit;\"><b><strong style=\"font-style: inherit;\">Secretaria Canciller<\/strong><\/b><\/p>\n<p style=\"font-style: inherit; font-weight: inherit;\">Sra. Graciela Agustini de Fun<\/p>\n<p style=\"font-style: inherit; font-weight: inherit;\">e-mail: cancilleria@obispadorqta.org.ar<\/p>\n<p style=\"font-style: inherit; font-weight: inherit;\"><b><strong style=\"font-style: inherit;\">Vice Canciller<\/strong><\/b><\/p>\n<p style=\"font-style: inherit; font-weight: inherit;\">Sr. Marcos Daniel Garachana<\/p>\n<p>e-mail: cancilleria@obispadorqta.org.ar<\/p>\n<p style=\"font-style: inherit; font-weight: inherit;\"><b><strong style=\"font-style: inherit;\">Ec\u00f3nomo<\/strong><\/b><\/p>\n<p>Pbro. Carlos Alberto Degiusti<\/p>\n<p>e-mail: economo@obispadorqta.org.ar<\/p>\n<p style=\"font-style: inherit; font-weight: inherit;\"><b><strong style=\"font-style: inherit;\">Secretario Administrativo<\/strong><\/b><\/p>\n<p style=\"font-style: inherit; font-weight: inherit;\">Sr. Lu\u00eds Daniel Fern\u00e1ndez<\/p>\n<p style=\"font-style: inherit; font-weight: inherit;\">e-mail: administracion@obispadorqta.org.ar<\/p>\n<p style=\"font-style: inherit; font-weight: inherit;\"><b><strong style=\"font-style: inherit;\">Secretaria<\/strong><\/b><\/p>\n<p style=\"font-style: inherit; font-weight: inherit;\">Sra. Nanci Teresita Ram\u00faa de Godoy<\/p>\n<p style=\"font-style: inherit; font-weight: inherit;\">e-mail: secretaria@obispadorqta.org.ar<\/p>\n<p style=\"font-style: inherit; font-weight: inherit;\"><b><strong style=\"font-style: inherit;\">Auxiliar de Secretar\u00eda<\/strong><\/b><\/p>\n<p style=\"font-style: inherit; font-weight: inherit;\">Sra. Mar\u00eda Ver\u00f3nica Cian de Astier<\/p>\n<p style=\"font-style: inherit; font-weight: inherit;\">e-mail: auxiliar@obispadorqta.org.ar<\/p>\n<p style=\"font-style: inherit; font-weight: inherit;\"><b><strong style=\"font-style: inherit;\">Encargada de Archivo<\/strong><\/b><\/p>\n<p style=\"font-style: inherit; font-weight: inherit;\">Srta. Mariela Schmidt<\/p>\n<p style=\"font-style: inherit; font-weight: inherit;\">e-mail: archivo@obispadorqta.org.<\/p>\n<p style=\"font-style: inherit; font-weight: inherit;\"><b><strong style=\"font-style: inherit;\">Vicario Judicial<\/strong><\/b><\/p>\n<p style=\"font-style: inherit; font-weight: inherit;\">Mons. Lic. Jorge Luis Duarte Paz<\/p>\n<p style=\"font-weight: 400;\"><b><strong style=\"font-style: inherit;\">Vicario Episcopal para la educaci\u00f3n:<\/strong><\/b><\/p>\n<p style=\"font-weight: 400;\">Mons. Lic. Germ\u00e1n Ernesto Vallejos<\/p>\n<p style=\"font-style: inherit; font-weight: inherit;\"><b><strong style=\"font-style: inherit;\">Horario&nbsp; de&nbsp; atenci\u00f3n&nbsp; de&nbsp; la&nbsp; Curia:<\/strong><\/b>&nbsp;de lunes a viernes de 08.00 a 12.00<\/p>\n<p style=\"font-style: inherit; font-weight: inherit;\">Sede: Chacabuco 841 \u2013 S3560VBQ \u2013 Reconquista (Sta. Fe)<\/p>\n<p style=\"font-style: inherit; font-weight: inherit;\">Tel.: 03482 \u2013 429180<\/p>\n<p style=\"font-style: inherit; font-weight: inherit;\">P\u00e1g. Web: www.obispadorqta.org.ar<\/p>\n","protected":false},"excerpt":{"rendered":"<div class=\"mh-excerpt\"><p>OBISPO DIOCESANO Mons. Dr. \u00c1ngel Jos\u00e9 Mac\u00edn Vicario General Mons. Silvio Orlando Fabbro Secretaria Canciller Sra. Graciela Agustini de Fun e-mail: cancilleria@obispadorqta.org.ar Vice Canciller Sr. <a class=\"mh-excerpt-more\" href=\"https:\/\/www.obispadorqta.org.ar\/v3\/curia-diocesana\/\" title=\"Curia Diocesana\">[&#8230;]<\/a><\/p>\n<\/div>","protected":false},"author":2,"featured_media":0,"parent":0,"menu_order":4,"comment_status":"closed","ping_status":"closed","template":"","meta":{"footnotes":""},"class_list":["post-8447","page","type-page","status-publish","hentry"],"_links":{"self":[{"href":"https:\/\/www.obispadorqta.org.ar\/v3\/wp-json\/wp\/v2\/pages\/8447","targetHints":{"allow":["GET"]}}],"collection":[{"href":"https:\/\/www.obispadorqta.org.ar\/v3\/wp-json\/wp\/v2\/pages"}],"about":[{"href":"https:\/\/www.obispadorqta.org.ar\/v3\/wp-json\/wp\/v2\/types\/page"}],"author":[{"embeddable":true,"href":"https:\/\/www.obispadorqta.org.ar\/v3\/wp-json\/wp\/v2\/users\/2"}],"replies":[{"embeddable":true,"href":"https:\/\/www.obispadorqta.org.ar\/v3\/wp-json\/wp\/v2\/comments?post=8447"}],"version-history":[{"count":5,"href":"https:\/\/www.obispadorqta.org.ar\/v3\/wp-json\/wp\/v2\/pages\/8447\/revisions"}],"predecessor-version":[{"id":9104,"href":"https:\/\/www.obispadorqta.org.ar\/v3\/wp-json\/wp\/v2\/pages\/8447\/revisions\/9104"}],"wp:attachment":[{"href":"https:\/\/www.obispadorqta.org.ar\/v3\/wp-json\/wp\/v2\/media?parent=8447"}],"curies":[{"name":"wp","href":"https:\/\/api.w.org\/{rel}","templated":true}]}}

<p style="font-style: inherit; font-weight: inherit;"><b><strong style="font-style: inherit;">OBISPO DIOCESANO</strong></b></p>
<p style="font-style: inherit; font-weight: inherit;">Mons. Dr. Ángel José Macín</p>
<p style="font-style: inherit; font-weight: inherit;"><b><strong style="font-style: inherit;">Vicario General</strong></b></p>
<p style="font-style: inherit; font-weight: inherit;">Mons. Silvio Orlando Fabbro</p>
<p style="font-style: inherit; font-weight: inherit;"><b><strong style="font-style: inherit;">Secretaria Canciller</strong></b></p>
<p style="font-style: inherit; font-weight: inherit;">Sra. Graciela Agustini de Fun</p>
<p style="font-style: inherit; font-weight: inherit;">e-mail: cancilleria@obispadorqta.org.ar</p>
<p style="font-style: inherit; font-weight: inherit;"><b><strong style="font-style: inherit;">Vice Canciller</strong></b></p>
<p style="font-style: inherit; font-weight: inherit;">Sr. Marcos Daniel Garachana</p>
<p>e-mail: cancilleria@obispadorqta.org.ar</p>
<p style="font-style: inherit; font-weight: inherit;"><b><strong style="font-style: inherit;">Ecónomo</strong></b></p>
<p>Pbro. Carlos Alberto Degiusti</p>
<p>e-mail: economo@obispadorqta.org.ar</p>
<p style="font-style: inherit; font-weight: inherit;"><b><strong style="font-style: inherit;">Secretario Administrativo</strong></b></p>
<p style="font-style: inherit; font-weight: inherit;">Sr. Luís Daniel Fernández</p>
<p style="font-style: inherit; font-weight: inherit;">e-mail: administracion@obispadorqta.org.ar</p>
<p style="font-style: inherit; font-weight: inherit;"><b><strong style="font-style: inherit;">Secretaria</strong></b></p>
<p style="font-style: inherit; font-weight: inherit;">Sra. Nanci Teresita Ramúa de Godoy</p>
<p style="font-style: inherit; font-weight: inherit;">e-mail: secretaria@obispadorqta.org.ar</p>
<p style="font-style: inherit; font-weight: inherit;"><b><strong style="font-style: inherit;">Auxiliar de Secretaría</strong></b></p>
<p style="font-style: inherit; font-weight: inherit;">Sra. María Verónica Cian de Astier</p>
<p style="font-style: inherit; font-weight: inherit;">e-mail: auxiliar@obispadorqta.org.ar</p>
<p style="font-style: inherit; font-weight: inherit;"><b><strong style="font-style: inherit;">Encargada de Archivo</strong></b></p>
<p style="font-style: inherit; font-weight: inherit;">Srta. Mariela Schmidt</p>
<p style="font-style: inherit; font-weight: inherit;">e-mail: archivo@obispadorqta.org.</p>
<p style="font-style: inherit; font-weight: inherit;"><b><strong style="font-style: inherit;">Vicario Judicial</strong></b></p>
<p style="font-style: inherit; font-weight: inherit;">Mons. Lic. Jorge Luis Duarte Paz</p>
<p style="font-weight: 400;"><b><strong style="font-style: inherit;">Vicario Episcopal para la educación:</strong></b></p>
<p style="font-weight: 400;">Mons. Lic. Germán Ernesto Vallejos</p>
<p style="font-style: inherit; font-weight: inherit;"><b><strong style="font-style: inherit;">Horario&nbsp; de&nbsp; atención&nbsp; de&nbsp; la&nbsp; Curia:</strong></b>&nbsp;de lunes a viernes de 08.00 a 12.00</p>
<p style="font-style: inherit; font-weight: inherit;">Sede: Chacabuco 841 – S3560VBQ – Reconquista (Sta. Fe)</p>
<p style="font-style: inherit; font-weight: inherit;">Tel.: 03482 – 429180</p>
<p style="font-style: inherit; font-weight: inherit;">Pág. Web: www.obispadorqta.org.ar</p>

<div class="mh-excerpt"><p>OBISPO DIOCESANO Mons. Dr. Ángel José Macín Vicario General Mons. Silvio Orlando Fabbro Secretaria Canciller Sra. Graciela Agustini de Fun e-mail: cancilleria@obispadorqta.org.ar Vice Canciller Sr. <a class="mh-excerpt-more" href="https://www.obispadorqta.org.ar/v3/curia-diocesana/" title="Curia Diocesana">[&#8230;]</a></p>
</div>
